 Let o(s) = -9*h(s) - 4*t(s). Is o(5) composite?
True
Let o = -48 - -67. Suppose 3*f - 16 = u, 3*u = -5*f + 3 + o. Suppose -z - 4*v + 22 = 0, f*z - 128 = -0*v - 2*v. Is z composite?
True
Let a(f) = 29*f**2 - 8*f - 6. Let l be a(6). Suppose 0 = 4*b - 5*w - 30 + 149, 3*b - 18*w + 189 = 0. Is 1/3*(l + b) a composite number?
True
Suppose 3*g + 12722 + 5298 = f, -g = 4*f - 72145. Is f prime?
False
Is 0 + 150189 + (-16)/5*(-20)/16 a composite number?
False
Let m(z) = -70*z - 3. Let n = -27 + 18. Let b be m(n). Suppose -4*a - c = -b, -a + 3*c + 160 = -0*c. Is a a composite number?
False
Suppose -m + 5*c + 1657 = 0, 3*c - 3327 = -m - m. Suppose 3*y - 6639 = m. Is y composite?
False
Let b = 11 + -19. Let m(f) = -3*f - 27. Let c be m(b). Is 1*(4 + c + 466) prime?
True
Suppose 16*k - 26 = 15*k. Let q = k - 23. Suppose -4*n + q*l = -2*l - 6687, 5*l - 5 = 0. Is n prime?
False
Suppose -2*s + 1 = -0*p - 3*p, -5*p + 10 = -s. Suppose -h + 2 = i - 3, 0 = 3*h - s*i - 31. Suppose 0 = -h*b + 5*b + 1490. Is b composite?
True
Let k = 3723 - 1805. Suppose -3*x = -2*d - 12025, 5*d = x - 2086 - k. Is x composite?
True
Suppose -5*h + 205 = 5*b, 3*b - 133 + 10 = -h. Let x = 39 - b. Let i(m) = -46*m + 5. Is i(x) composite?
False
Let r = 128 + -129. Is (5 - (2 - -582))*(0 + r) a prime number?
False
Let a = 133 - 74. Let v(j) = -j**2 - 9*j. Let x be v(-9). Is a + -1 + (-1 - -1 - x) a prime number?
False
Suppose 50*c - 47*c = 3*p - 1141494, 0 = 5*p + 4*c - 1902535. Is p composite?
False
Let l(v) = 3146*v + 89. Let q be l(6). Suppose 19*j = 24*j - q. Is j composite?
False
Let m = -46 - -51. Let f = 49 - 47. Suppose 8 = 4*z - f*z, 3*v = -m*z + 1241. Is v a composite number?
True
Let j be -3 - ((-2 - -3) + 1 - 5). Suppose 5*u - 29 = -9. Suppose -2*q - 4*t + 122 = j, 5*q + u*t - 103 - 184 = 0. Is q prime?
False
Suppose -5*c = -15, -5*y - 13*c + 9502 = -14*c. Is y a prime number?
True
Let k be (((-4)/(-1))/8)/((-1)/(-12)). Suppose -10 = -2*j - k. Suppose 3*g + j*t - 475 = 0, 793 = -0*g + 5*g + 4*t. Is g a prime number?
True
Let c(b) = -467*b - 13. Let j be c(-4). Suppose -5*p = 2040 + j. Let o = 956 - p. Is o a composite number?
True
Let m = 432314 + -44233. Is m composite?
False
Let q = -15 - -35. Suppose 5*a = q - 10. Suppose -1106 = -a*u - 268. Is u a composite number?
False
Suppose -83*c = 22*c + 48*c - 146018151. Is c a prime number?
True
Let i(l) = -8*l**3 - 16*l**2 - 41*l - 509. Is i(-36) prime?
False
Suppose -211127 + 2981672 = 22*u - 7*u. Is u a prime number?
True
Let g(k) = 16*k**3 - 5*k**2 - 68*k - 17. Is g(22) composite?
True
Let d(i) = -57636*i**3 - i**2 + 2*i + 4. Is d(-1) prime?
True
Let z(d) = d**3 + 10*d**2 + 7*d + 3. Let h be z(-9). Let w = h - 15. Suppose 2*x - 5*o - 1020 = 0, 3*o = -2*x + w*o + 1016. Is x prime?
False
Is 2/(((-9)/6 + 4)*8/353530) a composite number?
False
Let r(v) = -v**2 + 13*v + 32. Let j be r(15). Suppose 5 + 5 = j*o. Suppose o*l + 9489 = 3*a - 0*a, 5*a + 5*l = 15815. Is a a prime number?
True
Is (-7)/(((-210)/673195)/6) prime?
True
Suppose -4*p = 4*q + 316, -p - 299 = 5*q + 92. Let o = 68 - q. Let k = o + -43. Is k a prime number?
True
Suppose 1098 = 3*q - 4*g, 0*g - 376 = -q - 2*g. Suppose 0 = 32*j - 28*j - 964. Let u = q + j. Is u a prime number?
False
Let c be (-2528)/(-320) + 1/10. Is 26315 - -9*c/(-12) composite?
False
Let w(p) = -63*p - 5. Let k(b) = 1. Let f(c) = 6*k(c) + 2*w(c). Let g(t) = -42*t - 1. Let y(n) = 2*f(n) - 7*g(n). Is y(14) a composite number?
False
Let g(u) = -15 + 24*u**2 + 32 - u - 8 - 6*u**2. Let m(t) = -12*t + 52. Let p be m(5). Is g(p) a prime number?
False
Suppose -5*a + 0*a + 1280 = -3*b, 0 = -a - 5*b + 256. Let d(s) = s - 9. Let u be d(13). Is (2 + -5)*(u - 5) + a a composite number?
True
Let j = -47 - -35. Let d(a) = -151*a - 176*a - 23 + 115*a. Is d(j) a composite number?
False
Let k = 788571 + -520692. Is k prime?
False
Suppose 4*d + 5*s + 135 = 461, 5*s - 247 = -3*d. Let j = d - 78. Let x(m) = 2318*m**3 - m**2 + 2*m. Is x(j) a composite number?
True
Suppose -10149 = -8*v + 71187. Is v a composite number?
True
Is (-1 + 222274/(-4))/(720/(-1440)) prime?
False
Suppose -3*q + 16 = 19. Is (1468/20)/(q/(-25)) prime?
False
Suppose -8*j - 533 = -37. Let l = j - -61. Is (173 - 3)/(2 - (l + 1)) composite?
True
Let o = 165898 - 111489. Is o a composite number?
False
Let a be (4 - -10)*(-2)/(-7). Suppose 5*y + a + 16 = 0. Is (223/y)/(30/(-24) + 1) a prime number?
True
Let h(z) = 19490*z + 841. Is h(47) a composite number?
False
Let l(q) be the third derivative of -49*q**6/10 - q**5/20 + 5*q**4/24 + 7*q**3/6 - 5*q**2 - 16*q. Is l(-1) composite?
False
Suppose -4859036 = -4*h - 5*o, 1235 = -5*o + 1275. Is h composite?
False
Is 8/(-84) + (-13503764)/(-84) a composite number?
True
Suppose 5*k = -25, -2*m = 51*k - 48*k - 15791. Is m a composite number?
True
Let c = 10147 - 6423. Suppose 0 = -6*q + c + 3704. Suppose 3297 = 5*y - q. Is y a composite number?
False
Suppose 3*h + 2*d - 4354 = 0, 2*h - h - 1450 = -2*d. Let q be (2/(-1))/(-12 + 11). Suppose 0 = 4*z + q*n - h + 438, -2*n = -3*z + 743. Is z prime?
True
Let t = -323 - -323. Is 7524 - -19 - (3 + 3 + t) prime?
True
Is (636/(-54) - -8) + (-2)/9 - -151553 a composite number?
False
Suppose -5*y - 378345 = 30*l - 35*l, 0 = -3*l + 4*y + 227003. Is l a composite number?
True
Suppose -86*l + 2958976 = 42*l. Is l a prime number?
True
Let r be (3/(2 - -1))/(2/24). Suppose -19*x = -r*x + 14. Is ((-1261)/x)/((-13)/(-26)) a prime number?
False
Suppose -11*d = 2*d - 546. Let q = 349 + d. Is q composite?
True
Suppose 0 = -2*i + i + 20170. Let f be (-2)/(-4 - i/(-5045)). Suppose -x = -0*x - f. Is x a composite number?
False
Suppose -d + 31031 + 83204 = -5*q, -2*q + 12 = 0. Is d prime?
False
Let f = 39 - -19. Let l = 57 - f. Let t(m) = 1123*m**2 + 3*m + 3. Is t(l) composite?
False
Let l(u) = 6703*u - 391. Is l(6) a composite number?
False
Let i = -217 + 232. Suppose 33*k - i*k - 918 = 0. Is k a prime number?
False
Let c = -11 + 8. Let i(y) = -y**2 - 2*y + 7. Let v be i(c). Suppose 4*n + 4*d - 2152 = 0, 6*n = 3*n - v*d + 1611. Is n prime?
True
Suppose 584*h = 579*h - 17860. Let y = h - -12457. Is y a prime number?
False
Suppose 0 = 15*b + 14*b + 5*b - 406402. Is b prime?
True
Let u = 30527 + -8350. Is u a composite number?
True
Let y = -69916 + 273465. Is y a composite number?
False
Let l(s) = -12*s - 11. Let v be l(-1). Let x be v + 13574 - 5*(-16)/(-20). Suppose 5*u - 3*a + x = 9*u, 16940 = 5*u - a. Is u a composite number?
False
Suppose 610*i = 607*i + 19155. Is i a composite number?
True
Suppose -d - 7*l - 60 = -2*l, 2*d + 84 = -l. Let b be 93/(1 - d/(-44)). Suppose -5*c = -2*c - b. Is c a prime number?
False
Let y(c) = -72963*c + 3251. Is y(-6) prime?
True
Is 25365/(-534)*(2/3)/(5/(-1461)) prime?
False
Suppose -53 = 4*z + 3*w + 3, -59 = 5*z + w. Is ((z - -8) + 1)/(4/(-3442)) prime?
True
Let y(b) = -b + 39. Let a(k) = k - 26. Let l(z) = 7*a(z) + 5*y(z). Let t be l(-5). Suppose x - t*j - 2705 = 0, -5*x + 7201 = j - 6324. Is x a composite number?
True
Suppose -5*f + 5*n = -25, 2*n + 2*n + 16 = 2*f. Suppose -5*s - 5*l = -2*s - 21214, f*s + 3*l = 14143. Is s a prime number?
False
Let v(g) = -397*g + 90707. Is v(0) a composite number?
True
Let w = 403721 + -39670. Is w a composite number?
True
Let w be (-72)/(-28)*(-42)/(-12). Let n(b) = 5*b**2 + 18*b - 46. Is n(w) a composite number?
False
Is (7/(-4 + 5) - (12 + -6))*214631 prime?
True
Let h be (322/21)/(4/15)*-2. Let t(f) = -13*f + 6. Let i be t(4). Let a = i - h. Is a composite?
True
Let n = -589 - -603. Let r be 1/(1 + 0/1). Is 2/(-7) + r + 16104/n a composite number?
False
Suppose 0 = -0*n - n + 693. Let y = -673 + 1518. Let v = y + n. Is v a prime number?
False
Let l = -25856 + 45757. Is l a composite number?
True
Let l(h) = 5*h**3 - 19*h**2 + 4*h + 18. Let f be l(7). Suppose -10*n + 8580 = -f. Is n prime?
True
Suppose -125*d - 1633522 = -147*d. Is d prime?
False
Let y = -954 + 954. Suppose y = -39*u + 40*u - 3349. Is u composite?
True
Let g = -12 + 3. Let c(i) = -3*i. Let m be c(g). Let j = m - -442. Is j a composite number?
True
Suppose 3*r - 2*l = -8, -4*r + 0*r + l - 14 = 0. Let a(x) = x + 4. Let q be a(r). Is ((-157)/2 - q)/((-4)/8) a prime number?
True
Suppose -z - 2400 = 29*z. Let n = z - -387. Is n composite?
False
Is